ve x(4).
-376
Let h(u) = 1121*u - 12363. Determine h(11).
-32
Let u(q) = -1183*q - 1198. Determine u(-1).
-15
Let n(i) = 4*i**2 + 58*i + 42. Determine n(-17).
212
Let t(r) = -299*r + 1. Determine t(-1).
300
Let w(b) = b**2 + 290*b - 19381. What is w(56)?
-5
Let k(y) = -y**3 + 18*y**2 - 61*y - 18. Give k(14).
-88
Let l(t) = 4*t**3 + 14*t**2 - 16*t. Give l(1).
2
Let r(n) = -3*n**2 + 43*n + 3. Give r(16).
-77
Let f(n) = 568*n - 7929. What is f(14)?
23
Let i(f) = f**3 - 6*f**2 - 17*f - 1. Determine i(8).
-9
Let t(b) = b**2 - 7*b - 175. Determine t(-11).
23
Let g(o) = -o**2 - 126*o + 702. Calculate g(-131).
47
Let u(p) = p**3 + p**2 - 3*p + 132. What is u(0)?
132
Let i(s) = -2*s**3 + 46*s**2 - 14*s + 322. Determine i(23).
0
Let s(j) = -j**3 - 60*j**2 - 277*j - 116. Calculate s(-55).
-6
Let c(m) = -171*m + 7536. Calculate c(44).
12
Let i(p) = p**3 - 41*p**2 - 279*p - 143. Calculate i(47).
-2
Let d(i) = -i**3 + 52*i**2 - 234*i - 49. Calculate d(47).
-2
Let j(n) = 162*n + 78. Determine j(-2).
-246
Let h(k) = -5*k - 216. Give h(15).
-291
Let a(h) = -h + 23. Give a(33).
-10
Let b(h) = -62*h + 3024. Determine b(49).
-14
Let w(x) = 88*x**2 + 215*x - 214. Give w(1).
89
Let h(d) = -d**3 + 14*d**2 - 31*d + 17. Give h(3).
23
Let p(g) = -g**2 + 6*g - 121. Give p(-6).
-193
Let w(i) = i**2 + 39*i - 740. What is w(15)?
70
Let r(h) = -3*h**2 - 22*h + 174. What is r(-12)?
6
Let l(o) = -11*o - 237. What is l(-22)?
5
Let y(d) = d**3 - 10*d**2 - 7*d + 124. Calculate y(8).
-60
Let a(x) = 5*x**2 - 25*x - 42. Determine a(-2).
28
Let r(w) = -w**3 - 62*w**2 + 59*w + 399. Determine r(-63).
651
Let x(n) = n**2 + 112*n + 3130. Determine x(-59).
3
Let h(p) = -3*p**2 - 9*p + 52. Give h(5).
-68
Let v(f) = -3*f + 354. What is v(52)?
198
Let b(p) = -p**3 - 7*p**2 - 2782*p - 22309. Give b(-8).
11
Let g(i) = i**2 - 2*i - 219. Give g(17).
36
Let t(z) = -32*z - 477. Give t(-16).
35
Let h(u) = 2*u**3 + 20*u**2 + 36*u + 12. What is h(-8)?
-20
Let w(z) = -z**3 - 81*z**2 - 1434*z - 225. What is w(-55)?
-5
Let h(p) = -1626*p - 19513. Determine h(-12).
-1
Let a(o) = -13*o**2 - 49*o + 103. Give a(2).
-47
Let r(q) = -q**2 + 9*q + 5. Calculate r(2).
19
Let k(l) = l**2 - 3321*l + 13275. Give k(4).
7
Let j(u) = u**3 + 78*u**2 + 369*u + 322. Give j(-73).
30
Let j(a) = 403*a + 4840. Calculate j(-12).
4
Let s(q) = -665*q + 292601. Calculate s(440).
1
Let i(d) = 7387*d - 162524. Calculate i(22).
-10
Let a(j) = j**3 - 29*j**2 + 204*j - 51. Calculate a(11).
15
Let v(w) = -w**2 + 152*w - 2968. Determine v(130).
-108
Let k(d) = 7*d**2 + 30*d - 63. Give k(3).
90
Let d(o) = -6*o**3 + 7*o**2 - 25*o + 55. Give d(3).
-119
Let f(a) = -5*a**2 - 336*a + 1076. Determine f(3).
23
Let n(a) = -23*a**3 + 118*a**2 - 7*a + 25. What is n(5)?
65
Let v(s) = -34*s**2 - 41*s - 3. Calculate v(-1).
4
Let r(l) = -l**3 - 17*l**2 + 27*l - 95. Determine r(-19).
114
Let p(s) = s**3 - 18*s**2 - 39*s + 363. Determine p(19).
-17
Let k(i) = -549*i**2 - 19*i + 17. What is k(1)?
-551
Let w(o) = -3*o**2 - 165*o - 2067. Give w(-36).
-15
Let z(q) = 179*q + 2130. Calculate z(-12).
-18
Let t(d) = -d**3 - 67*d**2 - 129*d + 78. Determine t(-65).
13
Let g(j) = 35*j + 1049. Give g(-30).
-1
Let c(o) = -8*o**3 + o**2 + 4*o - 9. What is c(-3)?
204
Let m(z) = -z**3 - 15*z**2 - 11*z + 30. What is m(-13)?
-165
Let u(m) = 6*m**2 - 55*m - 18. Determine u(10).
32
Let l(a) = -a**3 + 7*a**2 + 10*a - 52. Calculate l(4).
36
Let u(a) = -2365*a + 16562. Calculate u(7).
7
Let w(c) = 15*c**2 - 191*c - 42. Calculate w(13).
10
Let d(y) = -3*y**3 + 3*y**2 - 25*y + 15. Calculate d(3).
-114
Let r(o) = -3*o - 124. Determine r(-6).
-106
Let l(a) = -13*a**2 - 42*a + 263. Determine l(4).
-113
Let k(s) = -8*s**3 + 45*s**2 + 22*s - 32. What is k(6)?
-8
Let v(a) = -1956*a - 7818. What is v(-4)?
6
Let t(b) = b**3 - 64*b**2 + 55*b + 443. What is t(63)?
-61
Let u(h) = 140*h + 18. What is u(2)?
298
Let q(t) = -3*t + 32. Give q(4).
20
Let i(y) = y**3 + 13*y**2 + 38*y + 18. Determine i(-9).
0
Let g(c) = -8*c**2 + 21*c - 14. Calculate g(3).
-23
Let o(l) = l**3 - 11*l**2 - 8*l - 14. What is o(7)?
-266
Let x(j) = j**2 - 122*j + 2288. What is x(22)?
88
Let h(r) = -13*r**2 + 40*r + 230. Give h(-6).
-478
Let h(w) = -5*w**2 - 31*w + 7. Give h(-6).
13
Let v(w) = -w**2 - 50*w - 166. Determine v(-6).
98
Let a(q) = 198*q - 2440. Determine a(10).
-460
Let b(g) = -3*g**3 + 110*g**2 - 78*g + 113. What is b(36)?
-103
Let b(f) = -2*f**2 - 24*f - 49. Determine b(-8).
15
Let t(w) = 35*w - 424. Calculate t(0).
-424
Let r(k) = 7*k**2 - 139*k - 42. Give r(21).
126
Let m(b) = -149*b + 692. Determine m(3).
245
Let l(i) = 362*i + 740. Calculate l(-2).
16
Let r(l) = l**2 - 42*l - 540. Calculate r(-10).
-20
Let z(g) = 38*g - 17. What is z(-9)?
-359
Let i(s) = 2*s**2 + 125*s + 425. Determine i(-58).
-97
Let y(n) = -22*n**2 + 92*n - 85. What is y(3)?
-7
Let s(z) = z**3 + 34*z**2 - 28*z + 141. What is s(-35)?
-104
Let g(u) = 96*u + 1441. Determine g(-15).
1
Let i(l) = l**3 + 7*l**2 + 12*l + 15. Determine i(-4).
15
Let c(t) = 60*t - 11811. Determine c(195).
-111
Let c(g) = -g**3 - 88*g**2 - 158*g + 1203. Determine c(-86).
-1
Let w(i) = -7*i**2 + 2660*i - 2658. Give w(1).
-5
Let n(k) = 11*k**2 - 100*k + 91. What is n(8)?
-5
Let j(h) = -3*h**3 - 27*h**2 - 2*h + 28. What is j(-10)?
348
Let o(m) = -10*m**2 + 29*m - 88. Calculate o(5).
-193
Let j(s) = -s**2 - s + 5. Determine j(-9).
-67
Let w(s) = 53*s**2 + 852*s + 51. Give w(-16).
-13
Let k(x) = -2*x**3 + 13*x**2 + 60*x - 4. Give k(-3).
-13
Let q(v) = 1149*v**2 + 114*v - 112. Determine q(1).
1151
Let p(i) = 13*i**2 - 147*i - 418. Determine p(-3).
140
Let l(h) = 3*h**3 - 21*h**2 - 361*h - 7. What is l(-8)?
1
Let d(h) = 3*h**2 + 43*h - 214. Calculate d(-18).
-16
Let l(f) = f**2 + 10*f - 5. Determine l(-21).
226
Let f(h) = h**2 + 39*h + 301. Calculate f(-30).
31
Let g(a) = 73*a**3 - 2*a**2 - 14*a - 14. Calculate g(-1).
-75
Let b(a) = -24*a - 18. Give b(3).
-90
Let r(j) = 3370*j - 33708. Give r(10).
-8
Let u(x) = -x**3 - 8*x**2 - 142*x - 1362. What is u(-9)?
-3
Let b(j) = -j**3 + 37*j**2 - 67*j - 153. What is b(35)?
-48
Let n(y) = y**2 + 36*y + 97. Calculate n(-29).
-106
Let d(u) = 43*u + 24. Calculate d(4).
196
Let f(s) = 31*s + 584. Give f(-22).
-98
Let s(v) = 3*v**2 + 32*v + 208. Give s(-6).
124
Let o(v) = 5*v**2 + 984*v - 5039. Give o(5).
6
Let q(p) = 16*p + 775. Give q(-46).
39
Let p(l) = l**2 + 50*l + 889. Determine p(-25).
264
Let r(j) = -j**3 - 14*j**2 + 5*j + 79. Determine r(-13).
-155
Let q(h) = 13*h + 23. Give q(4).
75
Let o(d) = 72*d + 769. Determine o(-7).
265
Let l(m) = 12*m**3 + 4*m**2 + 4. Calculate l(-3).
-284
Let d(c) = 7*c**3 - 671*c**2 - 92*c - 386. Give d(96).
-2
Let h(k) = -165*k**2 - 21*k + 21. Give h(1).
-165
Let q(p) = -p**3 - 2*p**2 + p - 305. Give q(0).
-305
Let o(d) = -2619*d - 7857. Give o(-3).
0
Let f(j) = -3*j**2 + 12*j + 9. What is f(9)?
-126
Let v(q) = 1313*q + 2621. Determine v(-2).
-5
Let f(b) = 2594*b - 10370. Give f(4).
6
Let u(o) = -o**3 - 72*o**2 - 68*o + 484. What is u(-71)?
271
Let l(j) = -2*j**3 - 6*j**2 - 12*j - 29. Give l(-3).
7
Let q(g) = -16*g - 20. Give q(2).
-52
Let c(r) = -r**3 + 27*r**2 - 45*r - 27. Give c(25).
98
Let s(t) = 14159*t + 198217. Determine s(-14).
-9
Let d(w) = -6*w - 3. Give d(3).
-21
Let k(z) = 32*z + 581. What is k(-18)?
5
Let w(n) = -6*n**3 + 228*n**2 - 8*n + 253. Calculate w(38).
-51
Let q(y) = y**3 + 2*y**2 - 22*y - 20. Determine q(-3).
37
Let b(g) = -117*g + 5323. Determine b(46).
-59
Let b(m) = -29*m + 29. Determine b(0).
29
Let y(b) = -b**3 - 30*b**2 + 25*b - 149. Determine y(-30).
-899
Let m(l) = 3*l**3 + 54*l**2 - 16*l - 27. Determine m(-18).
261
Let i(g) = -2*g + 238. Calculate i(41).
156
Let s(h) = -13*h + 85. What is s(-5)?
150
Let h(z) = 86*z + 81. What is h(-1)?
-5
Let f(z) = -z**3 - 22*z**2 + 67*z - 32. Calculate f(-25).
168
Let w(l) = 6*l**3 + 399*l**2 - 200*l + 133. What is w(-67)?
66
Let o(f) = -f**2 - 27*f + 691. Calculate o(-43).
3
Let r(f) = f**3 - 152*f**2 - 702*f + 12168. Determine r(156).
0
Let r(g) = -56*g - 361. Determine r(-7).
31
Let i(h) = -h**2 + 44*h + 405. What is i(51)?
48
Let t(q) = -q**2 + 13*q + 51. Calculate t(27).
-327
Let v(z) = 19439*z - 252714. Give v(13).
-7
Let y(t) = -9*t**3 - 6*t**2 - 27*t - 5. Determine y(-3).
265
Let t(s) = 794*s + 11115. Give t(-14).